{"id":635,"date":"2020-12-09T12:29:21","date_gmt":"2020-12-09T12:29:21","guid":{"rendered":"http:\/\/www.av-rheinland.de\/?page_id=635"},"modified":"2021-11-17T14:07:24","modified_gmt":"2021-11-17T14:07:24","slug":"vortraege-2021","status":"publish","type":"page","link":"https:\/\/www.av-rheinland.de\/index.php\/archiv\/vortraege-2021\/","title":{"rendered":"Vortr\u00e4ge 2021"},"content":{"rendered":"<h1>2021<\/h1>\n<p><strong><em>Donnerstag, 2. September 2021, 18:15 Uhr<\/em><\/strong><\/p>\n<p><strong><em><span style=\"font-size: 1rem;\">Dr. Jan Schuster (Universit\u00e4t \u0141\u00f3d\u017a)<\/span><\/em><\/strong><\/p>\n<p><em>Ort: LVR-LandesMuseum Bonn, Colmantstra\u00dfe 14-16, 53115 Bonn<\/em><\/p>\n<figure id=\"attachment_657\" aria-describedby=\"caption-attachment-657\" style=\"width: 525px\" class=\"wp-caption aligncenter\"><a href=\"http:\/\/www.av-rheinland.de\/index.php\/2021\/07\/15\/vortrag-2-9-2021-1815-uhr-jan-schuster-kein-prunk-ohne-rom\/img_3983\/\" rel=\"attachment wp-att-657\"><img data-attachment-id=\"657\" data-permalink=\"https:\/\/www.av-rheinland.de\/index.php\/2021\/07\/15\/vortrag-2-9-2021-1815-uhr-jan-schuster-kein-prunk-ohne-rom\/img_3983\/\" data-orig-file=\"https:\/\/i0.wp.com\/www.av-rheinland.de\/wp-content\/uploads\/2021\/07\/IMG_3983-scaled.jpg?fit=2560%2C1707&amp;ssl=1\" data-orig-size=\"2560,1707\" data-comments-opened=\"1\" data-image-meta=\"{&quot;aperture&quot;:&quot;7.1&quot;,&quot;credit&quot;:&quot;&quot;,&quot;camera&quot;:&quot;Canon EOS 100D&quot;,&quot;caption&quot;:&quot;&quot;,&quot;created_timestamp&quot;:&quot;1504791457&quot;,&quot;copyright&quot;:&quot;&quot;,&quot;focal_length&quot;:&quot;39&quot;,&quot;iso&quot;:&quot;1600&quot;,&quot;shutter_speed&quot;:&quot;0.008&quot;,&quot;title&quot;:&quot;&quot;,&quot;orientation&quot;:&quot;1&quot;}\" data-image-title=\"IMG_3983\" data-image-description=\"&lt;p&gt;Alle bekannten r\u00f6mischen Kessel, auf denen Germanen mit Suebenknoten dargestellt sind, wurden au\u00dferhalb des R\u00f6mischen Reiches gefunden und waren vermutlich meist als Geschenk dorthin gekommen. Hier die Attasche des St\u00fcckes von Czarn\u00f3wko (Polen), Grab R430, aus der zweiten H\u00e4lfte des zweiten Jahrhunderts. Foto: Jan Schuster.&lt;\/p&gt;\n\" data-image-caption=\"&lt;p&gt;Alle bekannten r\u00f6mischen Kessel, auf denen Germanen mit Suebenknoten dargestellt sind, wurden au\u00dferhalb des R\u00f6mischen Reiches gefunden und waren vermutlich meist als Geschenk dorthin gekommen. Hier die Attasche des St\u00fcckes von Czarn\u00f3wko (Polen), Grab R430, aus der zweiten H\u00e4lfte des zweiten Jahrhunderts. Foto: Jan Schuster.&lt;\/p&gt;\n\" data-medium-file=\"https:\/\/i0.wp.com\/www.av-rheinland.de\/wp-content\/uploads\/2021\/07\/IMG_3983-scaled.jpg?fit=300%2C200&amp;ssl=1\" data-large-file=\"https:\/\/i0.wp.com\/www.av-rheinland.de\/wp-content\/uploads\/2021\/07\/IMG_3983-scaled.jpg?fit=525%2C350&amp;ssl=1\" decoding=\"async\" loading=\"lazy\" class=\"size-large wp-image-657\" src=\"https:\/\/i0.wp.com\/www.av-rheinland.de\/wp-content\/uploads\/2021\/07\/IMG_3983.jpg?resize=525%2C350\" alt=\"Alle bekannten r\u00f6mischen Kessel, auf denen Germanen mit Suebenknoten dargestellt sind, wurden au\u00dferhalb des R\u00f6mischen Reiches gefunden und waren vermutlich meist als Geschenk dorthin gekommen. Hier die Attasche des St\u00fcckes von Czarn\u00f3wko (Polen), Grab R430, aus der zweiten H\u00e4lfte des zweiten Jahrhunderts. Foto: Jan Schuster.\" width=\"525\" height=\"350\" srcset=\"https:\/\/i0.wp.com\/www.av-rheinland.de\/wp-content\/uploads\/2021\/07\/IMG_3983-scaled.jpg?resize=1024%2C683&amp;ssl=1 1024w, https:\/\/i0.wp.com\/www.av-rheinland.de\/wp-content\/uploads\/2021\/07\/IMG_3983-scaled.jpg?resize=300%2C200&amp;ssl=1 300w, https:\/\/i0.wp.com\/www.av-rheinland.de\/wp-content\/uploads\/2021\/07\/IMG_3983-scaled.jpg?resize=768%2C512&amp;ssl=1 768w, https:\/\/i0.wp.com\/www.av-rheinland.de\/wp-content\/uploads\/2021\/07\/IMG_3983-scaled.jpg?resize=1536%2C1024&amp;ssl=1 1536w, https:\/\/i0.wp.com\/www.av-rheinland.de\/wp-content\/uploads\/2021\/07\/IMG_3983-scaled.jpg?resize=2048%2C1365&amp;ssl=1 2048w\" sizes=\"(max-width: 525px) 100vw, 525px\" data-recalc-dims=\"1\" \/><\/a><figcaption id=\"caption-attachment-657\" class=\"wp-caption-text\">Alle bekannten r\u00f6mischen Kessel, auf denen Germanen mit Suebenknoten dargestellt sind, wurden au\u00dferhalb des R\u00f6mischen Reiches gefunden und waren vermutlich meist als Geschenk dorthin gekommen. Hier die Attasche des St\u00fcckes von Czarn\u00f3wko (Polen), Grab R430, aus der zweiten H\u00e4lfte des zweiten Jahrhunderts. Foto: Jan Schuster.<\/figcaption><\/figure>\n<h1><strong>Kein Prunk ohne Rom<\/strong><\/h1>\n<p>Die abh\u00e4ngigen germanischen Eliten in der R\u00f6mischen Kaiserzeit<\/p>\n<p>Das Bild der Forschung von den Spitzen der sozialen Hierarchie in der Germania magna ist stark von der Auseinandersetzung der St\u00e4mme Mittel- und Nordeuropas mit dem R\u00f6mischen Reich gepr\u00e4gt. Der Expansionsdrang Roms verursachte sozialen Stress bei und Konkurrenz zwischen den Eliten der hier lebenden V\u00f6lkerschaften. Dieser fand mit Beginn der R\u00f6mischen Kaiserzeit Ausdruck in prunkvollen, aufw\u00e4ndig inszenierten Bestattungen. Neben einheimischen Rang- und Statusanzeigern kam dem r\u00f6mischen Import eine entscheidende Rolle bei der Eigenpr\u00e4sentation der Eliten im Grab zu. Ein kompletter Wirtschaftszweig, die Bunt- und Edelmetallverarbeitung, war auf den permanenten Zufluss von Rohstoff aus dem R\u00f6mischen Reich angewiesen. Es gibt drei kaiserzeitliche Prunkgrabhorizonte, und die diese tragenden Eliten waren f\u00fcr die Zurschaustellung von Reichtum stark von r\u00f6mischen Bezugsquellen abh\u00e4ngig. Andererseits war das allt\u00e4gliche Leben in den Siedlungen stark von Beharren und Eigenst\u00e4ndigkeit gepr\u00e4gt.<\/p>\n<p>&nbsp;<\/p>\n<p><strong>Donnerstag 18. November 2021, 18:15 Uhr<\/strong><\/p>\n<p><strong><em>Dr. Detlef Jantzen, Landesamt f\u00fcr Kultur und Denkmalpflege\u00a0Mecklenburg-Vorpommern, Schwerin<\/em><\/strong><\/p>\n<p>Ort: Fach Klassische Arch\u00e4ologie und Akademisches Kunstmuseum, R\u00f6merstra\u00dfe 164, 53117 Bonn (neuer vor\u00fcbergehender Dienstsitz)<\/p>\n<figure id=\"attachment_687\" aria-describedby=\"caption-attachment-687\" style=\"width: 525px\" class=\"wp-caption aligncenter\"><a href=\"https:\/\/www.av-rheinland.de\/index.php\/archiv\/vortraege-2021\/dsc_1279-1\/\" rel=\"attachment wp-att-687\"><img data-attachment-id=\"687\" data-permalink=\"https:\/\/www.av-rheinland.de\/index.php\/archiv\/vortraege-2021\/dsc_1279-1\/\" data-orig-file=\"https:\/\/i0.wp.com\/www.av-rheinland.de\/wp-content\/uploads\/2021\/11\/DSC_1279-1-scaled.jpg?fit=2560%2C1709&amp;ssl=1\" data-orig-size=\"2560,1709\" data-comments-opened=\"1\" data-image-meta=\"{&quot;aperture&quot;:&quot;9&quot;,&quot;credit&quot;:&quot;Stefan Sauer&quot;,&quot;camera&quot;:&quot;NIKON D800&quot;,&quot;caption&quot;:&quot;&quot;,&quot;created_timestamp&quot;:&quot;1374501871&quot;,&quot;copyright&quot;:&quot;Landesamt f\\u00fcr Kultur und Denkmalpflege M-V, Landesarch\\u00e4ologie&quot;,&quot;focal_length&quot;:&quot;14&quot;,&quot;iso&quot;:&quot;250&quot;,&quot;shutter_speed&quot;:&quot;0.0025&quot;,&quot;title&quot;:&quot;&quot;,&quot;orientation&quot;:&quot;1&quot;}\" data-image-title=\"DSC_1279 (1)\" data-image-description=\"&lt;p&gt;Ausgrabung im Tal der Tollense. Foto: S. Sauer f\u00fcr das Tollensetal-Projekt. Foto: D. Jantzen.&lt;\/p&gt;\n\" data-image-caption=\"&lt;p&gt;Ausgrabung im Tal der Tollense. Foto: S. Sauer f\u00fcr das Tollensetal-Projekt. Foto: D. Jantzen.&lt;\/p&gt;\n\" data-medium-file=\"https:\/\/i0.wp.com\/www.av-rheinland.de\/wp-content\/uploads\/2021\/11\/DSC_1279-1-scaled.jpg?fit=300%2C200&amp;ssl=1\" data-large-file=\"https:\/\/i0.wp.com\/www.av-rheinland.de\/wp-content\/uploads\/2021\/11\/DSC_1279-1-scaled.jpg?fit=525%2C350&amp;ssl=1\" decoding=\"async\" loading=\"lazy\" class=\"size-large wp-image-687\" src=\"https:\/\/i0.wp.com\/www.av-rheinland.de\/wp-content\/uploads\/2021\/11\/DSC_1279-1.jpg?resize=525%2C350\" alt=\"\" width=\"525\" height=\"350\" srcset=\"https:\/\/i0.wp.com\/www.av-rheinland.de\/wp-content\/uploads\/2021\/11\/DSC_1279-1-scaled.jpg?resize=1024%2C683&amp;ssl=1 1024w, https:\/\/i0.wp.com\/www.av-rheinland.de\/wp-content\/uploads\/2021\/11\/DSC_1279-1-scaled.jpg?resize=300%2C200&amp;ssl=1 300w, https:\/\/i0.wp.com\/www.av-rheinland.de\/wp-content\/uploads\/2021\/11\/DSC_1279-1-scaled.jpg?resize=768%2C513&amp;ssl=1 768w, https:\/\/i0.wp.com\/www.av-rheinland.de\/wp-content\/uploads\/2021\/11\/DSC_1279-1-scaled.jpg?resize=1536%2C1025&amp;ssl=1 1536w, https:\/\/i0.wp.com\/www.av-rheinland.de\/wp-content\/uploads\/2021\/11\/DSC_1279-1-scaled.jpg?resize=2048%2C1367&amp;ssl=1 2048w\" sizes=\"(max-width: 525px) 100vw, 525px\" data-recalc-dims=\"1\" \/><\/a><figcaption id=\"caption-attachment-687\" class=\"wp-caption-text\">Ausgrabung im Tal der Tollense. Foto: S. Sauer f\u00fcr das Tollensetal-Projekt. Foto: D. Jantzen.<\/figcaption><\/figure>\n<h1><strong>Blutige Krieger vor 3.300 Jahren?<br \/>\n<\/strong>Der bronzezeitliche Gewaltkonflikt im Tollensetal, Mecklenburg-Vorpommern<\/h1>\n<p>Im Tal des Fl\u00fc\u00dfchens Tollense (Mecklenburg-Vorpommern) wurden die \u00dcberreste von mindestens 140 Menschen und f\u00fcnf Pferden aus der Zeit um 1300 v. Chr. entdeckt. Die Verletzungen an den Menschenknochen zeugen von einem t\u00f6dlichen Kampf, der mit Pfeil und Bogen, mit Stichwaffen und mit Holzkeulen ausgetragen wurde. Aber wer k\u00e4mpfte hier gegen wen, was war der Hintergrund des Konfliktes? Neue \u00dcberlegungen f\u00fchren zu \u00fcberraschenden Erkenntnissen.<\/p>\n<p>&nbsp;<\/p>\n<p><strong>Donnerstag 9. Dezember 2021, 18:15 Uhr<\/strong><\/p>\n<p>Ort: Fach Klassische Arch\u00e4ologie und Akademisches Kunstmuseum, R\u00f6merstra\u00dfe 164, 53117 Bonn (neuer vor\u00fcbergehender Dienstsitz)<\/p>\n<p><strong>Winckelmannsvortrag<\/strong><\/p>\n<p><strong><em>Professor Dr. Johanna Fabricius (Freie Universit\u00e4t Berlin)<\/em><\/strong><\/p>\n<figure id=\"attachment_567\" aria-describedby=\"caption-attachment-567\" style=\"width: 768px\" class=\"wp-caption aligncenter\"><a href=\"https:\/\/www.av-rheinland.de\/?attachment_id=567\" rel=\"attachment wp-att-567\"><img data-attachment-id=\"567\" data-permalink=\"https:\/\/www.av-rheinland.de\/?attachment_id=567\" data-orig-file=\"https:\/\/i0.wp.com\/www.av-rheinland.de\/wp-content\/uploads\/2020\/01\/768px-Kerameikos_13.jpg?fit=768%2C1024&amp;ssl=1\" data-orig-size=\"768,1024\" data-comments-opened=\"1\" data-image-meta=\"{&quot;aperture&quot;:&quot;0&quot;,&quot;credit&quot;:&quot;&quot;,&quot;camera&quot;:&quot;&quot;,&quot;caption&quot;:&quot;&quot;,&quot;created_timestamp&quot;:&quot;0&quot;,&quot;copyright&quot;:&quot;&quot;,&quot;focal_length&quot;:&quot;0&quot;,&quot;iso&quot;:&quot;0&quot;,&quot;shutter_speed&quot;:&quot;0&quot;,&quot;title&quot;:&quot;&quot;,&quot;orientation&quot;:&quot;0&quot;}\" data-image-title=\"768px-Kerameikos_13\" data-image-description=\"&lt;p&gt;Marmorne Grablutrophore des Hegetor, vom Kerameikos in Athen, um 350\/40 v. Chr., gefunden 1863 (Abguss im Gel\u00e4nde). &lt;\/p&gt;\n\" data-image-caption=\"&lt;p&gt;Marmorne Grablutrophore des Hegetor, vom Kerameikos in Athen, um 350\/40 v. Chr., gefunden 1863 (Abguss im Gel\u00e4nde). &lt;\/p&gt;\n\" data-medium-file=\"https:\/\/i0.wp.com\/www.av-rheinland.de\/wp-content\/uploads\/2020\/01\/768px-Kerameikos_13.jpg?fit=225%2C300&amp;ssl=1\" data-large-file=\"https:\/\/i0.wp.com\/www.av-rheinland.de\/wp-content\/uploads\/2020\/01\/768px-Kerameikos_13.jpg?fit=525%2C700&amp;ssl=1\" decoding=\"async\" loading=\"lazy\" class=\"size-full wp-image-567\" src=\"https:\/\/i0.wp.com\/www.av-rheinland.de\/wp-content\/uploads\/2020\/01\/768px-Kerameikos_13.jpg?resize=525%2C700\" alt=\"Marmorne Grablutrophore des Hegetor, vom Kerameikos in Athen, um 350\/40 v. Chr., gefunden 1863 (Abguss im Gel\u00e4nde).\" width=\"525\" height=\"700\" srcset=\"https:\/\/i0.wp.com\/www.av-rheinland.de\/wp-content\/uploads\/2020\/01\/768px-Kerameikos_13.jpg?w=768&amp;ssl=1 768w, https:\/\/i0.wp.com\/www.av-rheinland.de\/wp-content\/uploads\/2020\/01\/768px-Kerameikos_13.jpg?resize=225%2C300&amp;ssl=1 225w\" sizes=\"(max-width: 767px) 89vw, (max-width: 1000px) 54vw, (max-width: 1071px) 543px, 580px\" data-recalc-dims=\"1\" \/><\/a><figcaption id=\"caption-attachment-567\" class=\"wp-caption-text\">Marmorne Grablutrophore des Hegetor, vom Kerameikos in Athen, um 350\/40 v. Chr., gefunden 1863 (Abguss im Gel\u00e4nde).<\/figcaption><\/figure>\n<h1><strong>Gegen Erbschleicherei und B\u00fcrgerrechtsbetrug<\/strong><\/h1>\n<p><strong>Zur Markierung von Verwandtschaftsbeziehungen durch Lutrophorenmonumente an athenischen Gr\u00e4bern der Klassik<\/strong><\/p>\n<p>Eine neue Deutung der klassischen attischen Marmorlutrophoren kann erstmals zahlreiche Eigent\u00fcmlichkeiten dieser vieldiskutierten Grabmonumente erkl\u00e4ren: Ihre geringe H\u00e4ufigkeit, ihre m\u00e4nnlich gepr\u00e4gte Ikonographie sowie die Art ihrer Aufstellung innerhalb der Grabbezirke. Die \u00dcberlieferung der attischen Gerichtsreden verweist auf die spezielle Funktion der Lutrophoren in Erbschaftsangelegenheiten.<\/p>\n","protected":false},"excerpt":{"rendered":"<p>2021 Donnerstag, 2. September 2021, 18:15 Uhr Dr. Jan Schuster (Universit\u00e4t \u0141\u00f3d\u017a) Ort: LVR-LandesMuseum Bonn, Colmantstra\u00dfe 14-16, 53115 Bonn Kein Prunk ohne Rom Die abh\u00e4ngigen germanischen Eliten in der R\u00f6mischen Kaiserzeit Das Bild der Forschung von den Spitzen der sozialen Hierarchie in der Germania magna ist stark von der Auseinandersetzung der St\u00e4mme Mittel- und Nordeuropas &hellip; <\/p>\n<p class=\"link-more\"><a href=\"https:\/\/www.av-rheinland.de\/index.php\/archiv\/vortraege-2021\/\" class=\"more-link\"><span class=\"screen-reader-text\">\u201eVortr\u00e4ge 2021\u201c<\/span> weiterlesen<\/a><\/p>\n","protected":false},"author":1,"featured_media":0,"parent":7,"menu_order":0,"comment_status":"closed","ping_status":"closed","template":"","meta":{"jetpack_post_was_ever_published":false},"jetpack_sharing_enabled":true,"jetpack_shortlink":"https:\/\/wp.me\/P99Kwc-af","jetpack_likes_enabled":true,"jetpack-related-posts":[{"id":59,"url":"https:\/\/www.av-rheinland.de\/index.php\/aktuelles\/fuehrungen\/","url_meta":{"origin":635,"position":0},"title":"F\u00fchrungen 2021","author":"altertumsverein","date":"September 26, 2016","format":false,"excerpt":"\u00a0 Exklusiv f\u00fcr Mitglieder des Vereins werden F\u00fchrungen zu arch\u00e4ologischen St\u00e4tten unter wissenschaftlicher Leitung angeboten, in der Regel umsonst. In der arch\u00e4ologischen Museumslandschaft des K\u00f6ln-Bonner Raumes hat sich viel getan und man bleibt dynamisch. Um den \u00dcberblick zu behalten, besichtigen wir mehrere kleine und gro\u00dfe Ausstellungsorte. Die Mitglieder des Altertumsvereins,\u2026","rel":"","context":"\u00c4hnlicher Beitrag","block_context":{"text":"\u00c4hnlicher Beitrag","link":""},"img":{"alt_text":"","src":"","width":0,"height":0},"classes":[]},{"id":667,"url":"https:\/\/www.av-rheinland.de\/index.php\/archiv\/vortraege-2022\/","url_meta":{"origin":635,"position":1},"title":"Vortr\u00e4ge 2022","author":"altertumsverein","date":"Juli 15, 2021","format":false,"excerpt":"Vorschau Donnerstag, 13. Januar 2022, 18:15 Uhr Dr. Mischa Meier (Universit\u00e4t T\u00fcbingen) Anschrift: R\u00f6merstra\u00dfe 164, AVZ III, 53117 Bonn, Beginn 18.15 Uhr \u00a0 Der Untergang des R\u00f6mischen Reiches Warum der Osten \u00fcberlebt hat Warum erlebte das Ostr\u00f6mische oder Byzantinische Reich im siebten und achten Jahrhundert nicht ein \u00e4hnliches Schicksal wie\u2026","rel":"","context":"\u00c4hnlicher Beitrag","block_context":{"text":"\u00c4hnlicher Beitrag","link":""},"img":{"alt_text":"","src":"https:\/\/i0.wp.com\/www.av-rheinland.de\/wp-content\/uploads\/2022\/05\/P1030380_color_abgedunkelter-Hintergr-230x300.jpg?resize=350%2C200","width":350,"height":200},"classes":[]},{"id":1354,"url":"https:\/\/www.av-rheinland.de\/index.php\/aktuelles\/fuehrungen-2026\/","url_meta":{"origin":635,"position":2},"title":"F\u00fchrungen 2026","author":"altertumsverein","date":"Januar 19, 2026","format":false,"excerpt":"F\u00fchrung zum r\u00f6mischen Bonn Schon in vorr\u00f6mischer Zeit war der Ort des sp\u00e4teren Bonn durch die Eburonen besiedelt. Zu Beginn der r\u00f6mischen Kaiserzeit wechselten die Ubier von der rechtsrheinischen Seite hierher. Im Zuge der r\u00f6mischen Feldz\u00fcge nach Germanien wurden dann die ersten r\u00f6mischen Truppen in Bonn stationiert, und seit 43\u2026","rel":"","context":"\u00c4hnlicher Beitrag","block_context":{"text":"\u00c4hnlicher Beitrag","link":""},"img":{"alt_text":"","src":"","width":0,"height":0},"classes":[]},{"id":1223,"url":"https:\/\/www.av-rheinland.de\/index.php\/fuehrungen-2025\/","url_meta":{"origin":635,"position":3},"title":"F\u00fchrungen 2025","author":"altertumsverein","date":"Januar 8, 2025","format":false,"excerpt":"F\u00fchrung zum r\u00f6mischen Bonn Schon in vorr\u00f6mischer Zeit war der Ort des sp\u00e4teren Bonn durch die Eburonen besiedelt. Zu Beginn der r\u00f6mischen Kaiserzeit wechselten die Ubier von der rechtsrheinischen Seite hierher. Im Zuge der r\u00f6mischen Feldz\u00fcge nach Germanien wurden dann die ersten r\u00f6mischen Truppen in Bonn stationiert, und seit 43\u2026","rel":"","context":"\u00c4hnlicher Beitrag","block_context":{"text":"\u00c4hnlicher Beitrag","link":""},"img":{"alt_text":"","src":"","width":0,"height":0},"classes":[]},{"id":955,"url":"https:\/\/www.av-rheinland.de\/index.php\/aktuelles\/fuehrungen-2023\/","url_meta":{"origin":635,"position":4},"title":"F\u00fchrungen 2023","author":"altertumsverein","date":"Mai 8, 2023","format":false,"excerpt":"F\u00fchrung zum r\u00f6mischen Bonn Schon in vorr\u00f6mischer Zeit war der Ort des sp\u00e4teren Bonn durch die Eburonen besiedelt. Zu Beginn der r\u00f6mischen Kaiserzeit wechselten die Ubier von der rechtsrheinischen Seite hierher. Im Zuge der r\u00f6mischen Feldz\u00fcge nach Germanien wurden dann die ersten r\u00f6mischen Truppen in Bonn stationiert, und seit 43\u2026","rel":"","context":"\u00c4hnlicher Beitrag","block_context":{"text":"\u00c4hnlicher Beitrag","link":""},"img":{"alt_text":"","src":"","width":0,"height":0},"classes":[]},{"id":1094,"url":"https:\/\/www.av-rheinland.de\/index.php\/fuehrungen-2024\/","url_meta":{"origin":635,"position":5},"title":"F\u00fchrungen 2024","author":"altertumsverein","date":"Januar 24, 2024","format":false,"excerpt":"F\u00fchrung zum r\u00f6mischen Bonn Schon in vorr\u00f6mischer Zeit war der Ort des sp\u00e4teren Bonn durch die Eburonen besiedelt. Zu Beginn der r\u00f6mischen Kaiserzeit wechselten die Ubier von der rechtsrheinischen Seite hierher. Im Zuge der r\u00f6mischen Feldz\u00fcge nach Germanien wurden dann die ersten r\u00f6mischen Truppen in Bonn stationiert, und seit 43\u2026","rel":"","context":"\u00c4hnlicher Beitrag","block_context":{"text":"\u00c4hnlicher Beitrag","link":""},"img":{"alt_text":"","src":"","width":0,"height":0},"classes":[]}],"_links":{"self":[{"href":"https:\/\/www.av-rheinland.de\/index.php\/wp-json\/wp\/v2\/pages\/635"}],"collection":[{"href":"https:\/\/www.av-rheinland.de\/index.php\/wp-json\/wp\/v2\/pages"}],"about":[{"href":"https:\/\/www.av-rheinland.de\/index.php\/wp-json\/wp\/v2\/types\/page"}],"author":[{"embeddable":true,"href":"https:\/\/www.av-rheinland.de\/index.php\/wp-json\/wp\/v2\/users\/1"}],"replies":[{"embeddable":true,"href":"https:\/\/www.av-rheinland.de\/index.php\/wp-json\/wp\/v2\/comments?post=635"}],"version-history":[{"count":14,"href":"https:\/\/www.av-rheinland.de\/index.php\/wp-json\/wp\/v2\/pages\/635\/revisions"}],"predecessor-version":[{"id":706,"href":"https:\/\/www.av-rheinland.de\/index.php\/wp-json\/wp\/v2\/pages\/635\/revisions\/706"}],"up":[{"embeddable":true,"href":"https:\/\/www.av-rheinland.de\/index.php\/wp-json\/wp\/v2\/pages\/7"}],"wp:attachment":[{"href":"https:\/\/www.av-rheinland.de\/index.php\/wp-json\/wp\/v2\/media?parent=635"}],"curies":[{"name":"wp","href":"https:\/\/api.w.org\/{rel}","templated":true}]}}