{"id":59,"date":"2016-09-26T11:29:17","date_gmt":"2016-09-26T11:29:17","guid":{"rendered":"http:\/\/www.av-rheinland.de\/?page_id=59"},"modified":"2021-10-05T10:49:47","modified_gmt":"2021-10-05T10:49:47","slug":"fuehrungen","status":"publish","type":"page","link":"https:\/\/www.av-rheinland.de\/index.php\/aktuelles\/fuehrungen\/","title":{"rendered":"F\u00fchrungen 2021"},"content":{"rendered":"<p>&nbsp;<\/p>\n<p>Exklusiv f\u00fcr Mitglieder des Vereins werden F\u00fchrungen zu arch\u00e4ologischen St\u00e4tten unter wissenschaftlicher Leitung angeboten, in der Regel umsonst. In der arch\u00e4ologischen Museumslandschaft des K\u00f6ln-Bonner Raumes hat sich viel getan und man bleibt dynamisch. Um den \u00dcberblick zu behalten, besichtigen wir mehrere kleine und gro\u00dfe Ausstellungsorte. Die Mitglieder des Altertumsvereins, und nur diese, werden rechtzeitig pers\u00f6nlich \u00fcber die genauen Termine in Kenntnis gesetzt.<\/p>\n<p><strong>F\u00fchrung zum r\u00f6mischen Bonn<\/strong><\/p>\n<p>Schon in vorr\u00f6mischer Zeit war der Ort des sp\u00e4teren Bonn besiedelt, erst durch die Eburon*innen und sp\u00e4ter durch die Ubier*innen. Im Zuge der r\u00f6mischen Feldz\u00fcge nach Germanien wurden dann die ersten r\u00f6mischen Truppen in Bonn stationiert, und seit 43 n. Chr. lag hier, n\u00f6rdlich der ubischen Siedlung, eine Legion, die mit geringen Unterbrechungen bis zum Ende des R\u00f6mischen Reiches am Ort blieb. In ihrem Umfeld entwickelte sich eine Lagervorstadt mit H\u00e4usern f\u00fcr Familienangeh\u00f6rige der Soldaten und allerhand Werkst\u00e4tten und L\u00e4den, die viele Zeugnisse ihres Alltagslebens hinterlassen hat.<\/p>\n<p>Die meisten Fundst\u00fccke befinden sich im LVR-LandesMuseum Bonn, aber auch in der Stadt k\u00f6nnen noch einige Reste ausgemacht werden, die einen Blick auf die R\u00f6mer in Bonn erm\u00f6glichen.<\/p>\n<p>Seit vielen Jahren bietet der Verein von Altertumsfreunden der Rheinlande die an, im Rahmen einer F\u00fchrung diese \u00dcberreste kennenzulernen und N\u00e4heres \u00fcber ihren historischen und kulturgeschichtlichen Hintergrund zu erfahren.<\/p>\n<p>Diese <strong>kostenlosen F\u00fchrungen<\/strong> dauern ca. 2 bis 2,5 Stunden. Die Reste der r\u00f6mischen Badeanlagen am Collegium Albertinum und des r\u00f6mischen Legionslagers in der Nordstadt bilden dabei Anfang und Ende der F\u00fchrung. Auf dem Weg liegen das Bonner M\u00fcnster mit seinen r\u00f6mischen Spolien, eine Reihe von Abg\u00fcssen entlang der Heerstra\u00dfe sowie der r\u00f6mische Hafen am Rheinufer.<\/p>\n<p>Am <strong>3. und 24. Oktober 2021<\/strong> k\u00f6nnen wir endlich wieder eine solche Veranstaltung anbieten, nat\u00fcrlich unter strengem Hygienekonzept: Zum Schutz f\u00fcr alle Beteiligten ist die Zahl der Teilnehmenden begrenzt, es gelten die 3G, es gilt Abstandsgebot und in Innenr\u00e4umen Maskenpflicht.<\/p>\n<p>Bitte melden Sie sich rechtzeitig an. Senden Sie daf\u00fcr eine E-Mail an <strong><u><a href=\"mailto:roemischesbonn@gmail.com\">roemischesbonn@gmail.com<\/a><\/u><\/strong>. Bitte nennen Sie dabei Namen und E-Mail-Adresse der von Ihnen angemeldeten Personen.<\/p>\n<p>Treffpunkt: Jeweils um 15 Uhr am Collegium Albertinum, Adenauerallee 17\u201319, 53111 Bonn.<\/p>\n<h1>Termine f\u00fcr 2021<\/h1>\n<p><strong>Akademisches Kunstmuseum der Universit\u00e4t<\/strong><\/p>\n<p>Im <strong>Oktober<\/strong> wird Professor Frank Rumscheid, der Vereinsvorsitzende und Direktor des Akademischen Kunstmuseums, den Teilnehmern die Pl\u00e4ne zum unmittelbar bevorstehenden Umzug der Museumsbest\u00e4nde, zur Sanierung des Geb\u00e4udes und zur Zukunft Seines Hauses vorstellen.<\/p>\n<p>&nbsp;<\/p>\n<p><strong>LVR-LandesMuseum Bonn, Ausstellung &#8222;Germanen&#8220;<\/strong><\/p>\n<p>Im <strong>Oktober<\/strong> wird Professor Michael Schmauder, Abteilungsleiter am LVR-LandesMuseum Bonn, den Altertumsverein durch die von ihm betreute Ausstellung \u203aGermanen. Eine arch\u00e4ologische Bestandsaufnahme\u2039 im Landesmuseum f\u00fchren.<\/p>\n<p>&nbsp;<\/p>\n<p><strong>LVR-LandesMuseum Bonn, Dauerausstellung &#8222;Neandertaler&#8220;<\/strong><\/p>\n<p>Im <strong>Dezember<\/strong> wird PD Dr. Ralf W. Schmitz, Referent f\u00fcr Vorgeschichte am LVR-LandesMuseum Bonn und Spezialist f\u00fcr Neandertaler, den Altertumsverein durch den unter seiner Federf\u00fchrung neugestalteten Neandertaler-Bereich im Foyer des Landesmuseums begleiten.<\/p>\n<p>&nbsp;<\/p>\n","protected":false},"excerpt":{"rendered":"<p>&nbsp; Exklusiv f\u00fcr Mitglieder des Vereins werden F\u00fchrungen zu arch\u00e4ologischen St\u00e4tten unter wissenschaftlicher Leitung angeboten, in der Regel umsonst. In der arch\u00e4ologischen Museumslandschaft des K\u00f6ln-Bonner Raumes hat sich viel getan und man bleibt dynamisch. Um den \u00dcberblick zu behalten, besichtigen wir mehrere kleine und gro\u00dfe Ausstellungsorte. Die Mitglieder des Altertumsvereins, und nur diese, werden rechtzeitig &hellip; <\/p>\n<p class=\"link-more\"><a href=\"https:\/\/www.av-rheinland.de\/index.php\/aktuelles\/fuehrungen\/\" class=\"more-link\"><span class=\"screen-reader-text\">\u201eF\u00fchrungen 2021\u201c<\/span> weiterlesen<\/a><\/p>\n","protected":false},"author":1,"featured_media":0,"parent":44,"menu_order":0,"comment_status":"closed","ping_status":"closed","template":"","meta":{"jetpack_post_was_ever_published":false},"jetpack_sharing_enabled":true,"jetpack_shortlink":"https:\/\/wp.me\/P99Kwc-X","jetpack_likes_enabled":true,"jetpack-related-posts":[{"id":772,"url":"https:\/\/www.av-rheinland.de\/index.php\/fuehrungen-2022\/","url_meta":{"origin":59,"position":0},"title":"F\u00fchrungen 2022","author":"altertumsverein","date":"Mai 13, 2022","format":false,"excerpt":"F\u00fchrung zum r\u00f6mischen Bonn Schon in vorr\u00f6mischer Zeit war der Ort des sp\u00e4teren Bonn durch die Eburonen besiedelt. Zu Beginn der r\u00f6mischen Kaiserzeit wechselten die Ubier von der rechtsrheinischen Seite hierher. Im Zuge der r\u00f6mischen Feldz\u00fcge nach Germanien wurden dann die ersten r\u00f6mischen Truppen in Bonn stationiert, und seit 43\u2026","rel":"","context":"\u00c4hnlicher Beitrag","block_context":{"text":"\u00c4hnlicher Beitrag","link":""},"img":{"alt_text":"","src":"","width":0,"height":0},"classes":[]},{"id":1354,"url":"https:\/\/www.av-rheinland.de\/index.php\/aktuelles\/fuehrungen-2026\/","url_meta":{"origin":59,"position":1},"title":"F\u00fchrungen 2026","author":"altertumsverein","date":"Januar 19, 2026","format":false,"excerpt":"F\u00fchrung zum r\u00f6mischen Bonn Schon in vorr\u00f6mischer Zeit war der Ort des sp\u00e4teren Bonn durch die Eburonen besiedelt. Zu Beginn der r\u00f6mischen Kaiserzeit wechselten die Ubier von der rechtsrheinischen Seite hierher. Im Zuge der r\u00f6mischen Feldz\u00fcge nach Germanien wurden dann die ersten r\u00f6mischen Truppen in Bonn stationiert, und seit 43\u2026","rel":"","context":"\u00c4hnlicher Beitrag","block_context":{"text":"\u00c4hnlicher Beitrag","link":""},"img":{"alt_text":"","src":"","width":0,"height":0},"classes":[]},{"id":955,"url":"https:\/\/www.av-rheinland.de\/index.php\/aktuelles\/fuehrungen-2023\/","url_meta":{"origin":59,"position":2},"title":"F\u00fchrungen 2023","author":"altertumsverein","date":"Mai 8, 2023","format":false,"excerpt":"F\u00fchrung zum r\u00f6mischen Bonn Schon in vorr\u00f6mischer Zeit war der Ort des sp\u00e4teren Bonn durch die Eburonen besiedelt. Zu Beginn der r\u00f6mischen Kaiserzeit wechselten die Ubier von der rechtsrheinischen Seite hierher. Im Zuge der r\u00f6mischen Feldz\u00fcge nach Germanien wurden dann die ersten r\u00f6mischen Truppen in Bonn stationiert, und seit 43\u2026","rel":"","context":"\u00c4hnlicher Beitrag","block_context":{"text":"\u00c4hnlicher Beitrag","link":""},"img":{"alt_text":"","src":"","width":0,"height":0},"classes":[]},{"id":1094,"url":"https:\/\/www.av-rheinland.de\/index.php\/fuehrungen-2024\/","url_meta":{"origin":59,"position":3},"title":"F\u00fchrungen 2024","author":"altertumsverein","date":"Januar 24, 2024","format":false,"excerpt":"F\u00fchrung zum r\u00f6mischen Bonn Schon in vorr\u00f6mischer Zeit war der Ort des sp\u00e4teren Bonn durch die Eburonen besiedelt. Zu Beginn der r\u00f6mischen Kaiserzeit wechselten die Ubier von der rechtsrheinischen Seite hierher. Im Zuge der r\u00f6mischen Feldz\u00fcge nach Germanien wurden dann die ersten r\u00f6mischen Truppen in Bonn stationiert, und seit 43\u2026","rel":"","context":"\u00c4hnlicher Beitrag","block_context":{"text":"\u00c4hnlicher Beitrag","link":""},"img":{"alt_text":"","src":"","width":0,"height":0},"classes":[]},{"id":1223,"url":"https:\/\/www.av-rheinland.de\/index.php\/fuehrungen-2025\/","url_meta":{"origin":59,"position":4},"title":"F\u00fchrungen 2025","author":"altertumsverein","date":"Januar 8, 2025","format":false,"excerpt":"F\u00fchrung zum r\u00f6mischen Bonn Schon in vorr\u00f6mischer Zeit war der Ort des sp\u00e4teren Bonn durch die Eburonen besiedelt. Zu Beginn der r\u00f6mischen Kaiserzeit wechselten die Ubier von der rechtsrheinischen Seite hierher. Im Zuge der r\u00f6mischen Feldz\u00fcge nach Germanien wurden dann die ersten r\u00f6mischen Truppen in Bonn stationiert, und seit 43\u2026","rel":"","context":"\u00c4hnlicher Beitrag","block_context":{"text":"\u00c4hnlicher Beitrag","link":""},"img":{"alt_text":"","src":"","width":0,"height":0},"classes":[]},{"id":57,"url":"https:\/\/www.av-rheinland.de\/index.php\/archiv\/ausfluge-und-exkursionen\/","url_meta":{"origin":59,"position":5},"title":"Ausfl\u00fcge und Exkursionen","author":"altertumsverein","date":"September 26, 2016","format":false,"excerpt":"Ausfl\u00fcge und Exkursionen 1997 18.-25.9.1997 Zu den fr\u00fchen St\u00e4tten der Christenheit in Irland: Dublin, Aran-Inseln, Galway, Dingle-Halbinsel, Monasterbice, Newrange, Dowth, Knoth, Cashel 1999 29.5.-6.6.1999 Romanische Kirchen und Kl\u00f6ster am Nordhang der Pyren\u00e4en: Viednne, Orange, Perpignan, Kloster Elne, Festung Sales, Priorat Serrabone, Canigou, Villefranche de Conflet, Mont St.Louis, Pont de Gard,\u2026","rel":"","context":"\u00c4hnlicher Beitrag","block_context":{"text":"\u00c4hnlicher Beitrag","link":""},"img":{"alt_text":"","src":"","width":0,"height":0},"classes":[]}],"_links":{"self":[{"href":"https:\/\/www.av-rheinland.de\/index.php\/wp-json\/wp\/v2\/pages\/59"}],"collection":[{"href":"https:\/\/www.av-rheinland.de\/index.php\/wp-json\/wp\/v2\/pages"}],"about":[{"href":"https:\/\/www.av-rheinland.de\/index.php\/wp-json\/wp\/v2\/types\/page"}],"author":[{"embeddable":true,"href":"https:\/\/www.av-rheinland.de\/index.php\/wp-json\/wp\/v2\/users\/1"}],"replies":[{"embeddable":true,"href":"https:\/\/www.av-rheinland.de\/index.php\/wp-json\/wp\/v2\/comments?post=59"}],"version-history":[{"count":21,"href":"https:\/\/www.av-rheinland.de\/index.php\/wp-json\/wp\/v2\/pages\/59\/revisions"}],"predecessor-version":[{"id":684,"href":"https:\/\/www.av-rheinland.de\/index.php\/wp-json\/wp\/v2\/pages\/59\/revisions\/684"}],"up":[{"embeddable":true,"href":"https:\/\/www.av-rheinland.de\/index.php\/wp-json\/wp\/v2\/pages\/44"}],"wp:attachment":[{"href":"https:\/\/www.av-rheinland.de\/index.php\/wp-json\/wp\/v2\/media?parent=59"}],"curies":[{"name":"wp","href":"https:\/\/api.w.org\/{rel}","templated":true}]}}