{"id":57,"date":"2016-09-26T11:25:38","date_gmt":"2016-09-26T11:25:38","guid":{"rendered":"http:\/\/www.av-rheinland.de\/?page_id=57"},"modified":"2020-12-18T13:45:12","modified_gmt":"2020-12-18T13:45:12","slug":"ausfluge-und-exkursionen","status":"publish","type":"page","link":"https:\/\/www.av-rheinland.de\/index.php\/archiv\/ausfluge-und-exkursionen\/","title":{"rendered":"Ausfl\u00fcge und Exkursionen"},"content":{"rendered":"<h4>Ausfl\u00fcge und Exkursionen<\/h4>\n<h4><strong>1997<\/strong><\/h4>\n<p>18.-25.9.1997 Zu den fr\u00fchen St\u00e4tten der Christenheit in Irland: Dublin, Aran-Inseln, Galway, Dingle-Halbinsel, Monasterbice, Newrange, Dowth, Knoth, Cashel<\/p>\n<p><strong>1999<\/strong><\/p>\n<p>29.5.-6.6.1999 Romanische Kirchen und Kl\u00f6ster am Nordhang der Pyren\u00e4en: Viednne, Orange, Perpignan, Kloster Elne, Festung Sales, Priorat Serrabone, Canigou, Villefranche de Conflet, Mont St.Louis, Pont de Gard, Nimes<\/p>\n<p><strong>2000<\/strong><\/p>\n<p>17.-23.9.2000 Loirefahrt mit Reims, Blois, Chambord, Cheverny, Beauregard, Tours, Saumur, Chaumont, Amboise, Chenonceau, Chartres<\/p>\n<p><strong>2001<\/strong><\/p>\n<p>29.9.-6.10.2001 Istrien und Friaul mit Grado, Aquileia, Triest, Porec, Pula, Palmanuova<\/p>\n<p><strong>2002<\/strong><\/p>\n<p>14.-22.9.2002 Normandie und Bretagne mit Amiens, Rouen, Jumigues, Bayeux, Mont St. Michel, Carnac, Quimper, Pleyben, St.Thegonee, Morlaix, Cairn de Barnenez, Dinan, Paris<\/p>\n<p><strong>2003<\/strong><\/p>\n<p>27.9.-4.10.2003 Zu den Kathedralen Nordenglands: York, Hadrianswall, Durham, Withby, Lichfield, Coventry, Peterborough, Ely, Cambridge und Lincoln<\/p>\n<p><strong>2004<\/strong><\/p>\n<p>17.-21.6.2004 Split, Diokletianspalast, Trogir, Grabungen in Solina, Insel Solta<\/p>\n<p>18.-26.9.2004 Burgund mit Besancon, Dijon, Beaune,Chalon sur Soane, Tournus, Cluny, Berze la Ville, Maconaise, Stra\u00dfburg<\/p>\n<p><strong>2005<\/strong><\/p>\n<p>20.-28.9.2005 Nordirland mit Dublin, Boyne Valley, Belfast, Derry, Sligo, Galway Aran-Inseln<\/p>\n<p><strong>2006<\/strong><\/p>\n<p>23.-30.9.2006 Tschechien mit Kloster Waldsassen, Egger, Marienbad, Karlsbad, Franzensbad, Pilsen, Karlstein, Br\u00fcnn, Kromeriz<\/p>\n<p><strong>2012\/2013<\/strong><\/p>\n<p>30.6.2012 Trier, Rheinisches Landesmuseum Trier, Dom- und Di\u00f6zesanmuseum und arch\u00e4ologische Baudenkm\u00e4ler<\/p>\n<p>LVR-LandesMuseum Bonn, F\u00fchrung in der Ausstellung &#8222;Steppenkrieger&#8220;<\/p>\n<p><strong>2014<\/strong><\/p>\n<p>9.5.2014 LVR-LandesMuseum Bonn, F\u00fchrung in der Ausstellung &#8222;Gebrochener Glanz &#8211; Gro\u00dfbronzen am UNESCO-Welterbe Limes&#8220;<\/p>\n<p><strong>2015<\/strong><\/p>\n<p>6.5.2015 LVR-LandesMuseum Bonn, F\u00fchrung in der Ausstellung &#8222;Eiszeitj\u00e4ger&#8220;<\/p>\n<p>20.5.2015 F\u00fchrung im Depot des LVR-LandesMuseum Bonn, Meckenheim<\/p>\n<p>24.6.2015 LVR-LandesMuseum Bonn, F\u00fchrung in der Ausstellung\u00a0&#8222;Kelten im Rheinland&#8220;<\/p>\n<p>Au\u00dferdem: R\u00f6misch-Germanisches Museum K\u00f6ln, F\u00fchrung in der Ausstellung &#8222;Medicus &#8211; Der Arzt im r\u00f6mischen K\u00f6ln&#8220;<\/p>\n<p><strong>2016<\/strong><\/p>\n<p>17.8.2016 LVR-LandesMuseum Bonn, F\u00fchrung in der Ausstellung &#8222;Eva&#8217;s Beauty Case &#8211; Schmuck und Styling im Spiegel der Zeiten&#8220;<\/p>\n<p>10.9.2016 Rheinisches Landesmuseum Trier, F\u00fchrung in der Ausstellung\u00a0&#8222;Nero &#8211; Kaiser, K\u00fcnstler und Tyrann&#8220;<\/p>\n<p>22.9.2016 LVR-LandesMuseum Bonn, F\u00fchrung in der Ausstellung &#8222;Herrmann Schaafhausen zum 200. Geburtstag&#8220;<\/p>\n<p>12.10.2016 R\u00f6misch-Germanisches Museum K\u00f6ln, F\u00fchrung in der Ausstellung &#8222;Zerbrechliches Luxus &#8211; K\u00f6ln als Zentrum antiker Glaskunst&#8220;<\/p>\n<p>&nbsp;<\/p>\n<h4>2019<\/h4>\n<p>30. M\u00e4rz und 6. April: F\u00fchrung Ausgrabungen unter dem K\u00f6lner Dom, geleitet von Dr. Thomas H\u00f6ltken (R\u00f6misch-Germanisches Museum K\u00f6ln)<\/p>\n<p>8. Mai und 6. Juni: Besichtigung der Ausstellung \u201eEuropa in Bewegung\u201c im LVR-Landesmuseum Bonn, geleitet von der Kuratorin Dr. Elke Nieveler (LVR-Landesmuseum Bonn)<\/p>\n<p>4. und 12. Mai: F\u00fchrung Die romanische Kirche von Schwarzrheindorf, geleitet von Dr. Hanna Christine Jacobs (Kunsthistorisches Institut der Universit\u00e4t Bonn) und Dr. Ursula Franke (LVR-Amt f\u00fcr Bodendenkmalpflege im Rheinland)<\/p>\n","protected":false},"excerpt":{"rendered":"<p>Ausfl\u00fcge und Exkursionen 1997 18.-25.9.1997 Zu den fr\u00fchen St\u00e4tten der Christenheit in Irland: Dublin, Aran-Inseln, Galway, Dingle-Halbinsel, Monasterbice, Newrange, Dowth, Knoth, Cashel 1999 29.5.-6.6.1999 Romanische Kirchen und Kl\u00f6ster am Nordhang der Pyren\u00e4en: Viednne, Orange, Perpignan, Kloster Elne, Festung Sales, Priorat Serrabone, Canigou, Villefranche de Conflet, Mont St.Louis, Pont de Gard, Nimes 2000 17.-23.9.2000 Loirefahrt mit &hellip; <\/p>\n<p class=\"link-more\"><a href=\"https:\/\/www.av-rheinland.de\/index.php\/archiv\/ausfluge-und-exkursionen\/\" class=\"more-link\"><span class=\"screen-reader-text\">\u201eAusfl\u00fcge und Exkursionen\u201c<\/span> weiterlesen<\/a><\/p>\n","protected":false},"author":1,"featured_media":0,"parent":7,"menu_order":0,"comment_status":"closed","ping_status":"closed","template":"","meta":{"jetpack_post_was_ever_published":false},"jetpack_sharing_enabled":true,"jetpack_shortlink":"https:\/\/wp.me\/P99Kwc-V","jetpack_likes_enabled":true,"jetpack-related-posts":[{"id":7,"url":"https:\/\/www.av-rheinland.de\/index.php\/archiv\/","url_meta":{"origin":57,"position":0},"title":"Archiv","author":"altertumsverein","date":"August 6, 2016","format":false,"excerpt":"Im Archiv finden sich Texte und Termine zu ehemaligen Ausfl\u00fcgen und Exkursionen. Es wird fortlaufend erweitert.","rel":"","context":"\u00c4hnlicher Beitrag","block_context":{"text":"\u00c4hnlicher Beitrag","link":""},"img":{"alt_text":"","src":"","width":0,"height":0},"classes":[]},{"id":44,"url":"https:\/\/www.av-rheinland.de\/index.php\/aktuelles\/","url_meta":{"origin":57,"position":1},"title":"Aktuelles","author":"altertumsverein","date":"August 6, 2016","format":false,"excerpt":"F\u00fchrungen, Vortr\u00e4ge, Exkursionen und Neuigkeiten des Vereins der Altertumsfreunde im Rheinlande e.V. \u00a0","rel":"","context":"\u00c4hnlicher Beitrag","block_context":{"text":"\u00c4hnlicher Beitrag","link":""},"img":{"alt_text":"","src":"","width":0,"height":0},"classes":[]},{"id":2,"url":"https:\/\/www.av-rheinland.de\/","url_meta":{"origin":57,"position":2},"title":"Willkommen","author":"altertumsverein","date":"August 6, 2016","format":false,"excerpt":"Willkommen auf der Homepage des Vereins von Altertumsfreunden im Rheinlande Der Verein von Altertumsfreunden im Rheinlande wurde am 1. Oktober 1841 mit der Zielsetzung gegr\u00fcndet, \"f\u00fcr die Erhaltung, Bekanntmachung und Erkl\u00e4rung geschichtlicher Denkm\u00e4ler aller Art, insbesondere solche aus dem Altertum und dem Mittelalter, in dem Stromgebiete des Rheines Sorge zu\u2026","rel":"","context":"\u00c4hnlicher Beitrag","block_context":{"text":"\u00c4hnlicher Beitrag","link":""},"img":{"alt_text":"","src":"","width":0,"height":0},"classes":[]},{"id":11,"url":"https:\/\/www.av-rheinland.de\/index.php\/der-verein\/","url_meta":{"origin":57,"position":3},"title":"Der Verein","author":"altertumsverein","date":"August 6, 2016","format":false,"excerpt":"Die Aufgaben des Vereins Der Verein von Altertumsfreunden im Rheinlande gibt zusammen mit dem LVR-LandesMuseum Bonn und dem LVR-Amt f\u00fcr Bodendenkmalpflege im Rheinland die Bonner Jahrb\u00fccher heraus. unterst\u00fctzt die Arbeit des LVR-LandesMuseums Bonn durch finanzielle Zusch\u00fcsse f\u00fcr Neuerwerbungen, f\u00fcr die gemeinsame Bibliothek von Museum und Verein, f\u00fcr Ver\u00f6ffentlichungen und f\u00fcr\u2026","rel":"","context":"\u00c4hnlicher Beitrag","block_context":{"text":"\u00c4hnlicher Beitrag","link":""},"img":{"alt_text":"","src":"https:\/\/i0.wp.com\/www.av-rheinland.de\/wp-content\/uploads\/2016\/08\/A_139_0-11.jpg?resize=350%2C200","width":350,"height":200},"classes":[]},{"id":28,"url":"https:\/\/www.av-rheinland.de\/index.php\/mitglied-werden\/","url_meta":{"origin":57,"position":4},"title":"Mitglied werden","author":"altertumsverein","date":"August 6, 2016","format":false,"excerpt":"Was bietet der Verein seinen Mitgliedern? Freien Eintritt ins LVR-LandesMuseum Bonn Preisnachlass bei Sonderausstellungen\/Ausstellungser\u00f6ffnungen ein Exemplar der Bonner Jahrb\u00fccher als Jahresgabe \"Berichte aus Bonn\" zweimal j\u00e4hrlich F\u00fchrungen und Vortr\u00e4ge Exkursionen zu Ausstellungen und arch\u00e4ologischen St\u00e4tten Informationen zum laufendem Programm des Vereins und des LVR-LandesMuseums Bonn. Mitglied werden Wenn Sie Mitglied\u2026","rel":"","context":"\u00c4hnlicher Beitrag","block_context":{"text":"\u00c4hnlicher Beitrag","link":""},"img":{"alt_text":"","src":"","width":0,"height":0},"classes":[]},{"id":186,"url":"https:\/\/www.av-rheinland.de\/index.php\/archiv\/vortraege-2017\/","url_meta":{"origin":57,"position":5},"title":"Vortr\u00e4ge 2017","author":"altertumsverein","date":"September 22, 2017","format":false,"excerpt":"Hier finden Sie das Vortragsprogramm f\u00fcr das Jahr 2017: Donnerstag 7. Dezember 2017, 18 Uhr Prof. Dr. Dieter Mertens (Rom) \u2013 Winckelmannsvortrag \u2013 H\u00f6rsaal des Akademischen Kunstmuseums Bonn, Am Hofgarten 21 Syrakus. Die Stadt und ihre Mauern Die Mauern des Dionysios sind das ausgedehnteste Festungssystem der Klassischen Antike. Sie haben\u2026","rel":"","context":"\u00c4hnlicher Beitrag","block_context":{"text":"\u00c4hnlicher Beitrag","link":""},"img":{"alt_text":"","src":"","width":0,"height":0},"classes":[]}],"_links":{"self":[{"href":"https:\/\/www.av-rheinland.de\/index.php\/wp-json\/wp\/v2\/pages\/57"}],"collection":[{"href":"https:\/\/www.av-rheinland.de\/index.php\/wp-json\/wp\/v2\/pages"}],"about":[{"href":"https:\/\/www.av-rheinland.de\/index.php\/wp-json\/wp\/v2\/types\/page"}],"author":[{"embeddable":true,"href":"https:\/\/www.av-rheinland.de\/index.php\/wp-json\/wp\/v2\/users\/1"}],"replies":[{"embeddable":true,"href":"https:\/\/www.av-rheinland.de\/index.php\/wp-json\/wp\/v2\/comments?post=57"}],"version-history":[{"count":8,"href":"https:\/\/www.av-rheinland.de\/index.php\/wp-json\/wp\/v2\/pages\/57\/revisions"}],"predecessor-version":[{"id":649,"href":"https:\/\/www.av-rheinland.de\/index.php\/wp-json\/wp\/v2\/pages\/57\/revisions\/649"}],"up":[{"embeddable":true,"href":"https:\/\/www.av-rheinland.de\/index.php\/wp-json\/wp\/v2\/pages\/7"}],"wp:attachment":[{"href":"https:\/\/www.av-rheinland.de\/index.php\/wp-json\/wp\/v2\/media?parent=57"}],"curies":[{"name":"wp","href":"https:\/\/api.w.org\/{rel}","templated":true}]}}