{"id":2,"date":"2016-08-06T08:01:41","date_gmt":"2016-08-06T08:01:41","guid":{"rendered":"http:\/\/www.av-rheinland.de\/?page_id=2"},"modified":"2018-04-03T09:28:35","modified_gmt":"2018-04-03T09:28:35","slug":"sample-page","status":"publish","type":"page","link":"https:\/\/www.av-rheinland.de\/","title":{"rendered":"Willkommen"},"content":{"rendered":"<p align=\"center\"><span style=\"font-size: large;\">Willkommen auf der<br \/>\n<b>Homepage des Vereins von Altertumsfreunden im Rheinlande<\/b><\/span><\/p>\n<p align=\"left\"><span style=\"font-size: large;\">Der Verein von Altertumsfreunden im Rheinlande wurde am<br \/>\n1. Oktober 1841 mit der Zielsetzung gegr\u00fcndet, &#8222;f\u00fcr die Erhaltung, Bekanntmachung und Erkl\u00e4rung geschichtlicher Denkm\u00e4ler aller Art, insbesondere solche aus dem Altertum und dem Mittelalter, in dem Stromgebiete des Rheines Sorge zu tragen und ein lebhafteres Interesse daf\u00fcr zu verbreiten.&#8220;<\/span><\/p>\n<p align=\"left\"><span style=\"font-size: large;\">Er tut dies durch die Herausgabe wissenschaftlicher Publikationen, durch die Veranstaltung von Vortr\u00e4gen und Exkursionen sowie durch die finanzielle F\u00f6rderung des <a href=\"http:\/\/www.landesmuseum-bonn.lvr.de\/de\/startseite.html\">LVR-LandesMuseum\u00a0<span style=\"color: #000000;\">Bonn<\/span><\/a> und seiner Sammlungen. <\/span><\/p>\n<p align=\"left\"><span style=\"font-size: large;\">Neue Mitglieder sind willkommen.<\/span><\/p>\n","protected":false},"excerpt":{"rendered":"<p>Willkommen auf der Homepage des Vereins von Altertumsfreunden im Rheinlande Der Verein von Altertumsfreunden im Rheinlande wurde am 1. Oktober 1841 mit der Zielsetzung gegr\u00fcndet, &#8222;f\u00fcr die Erhaltung, Bekanntmachung und Erkl\u00e4rung geschichtlicher Denkm\u00e4ler aller Art, insbesondere solche aus dem Altertum und dem Mittelalter, in dem Stromgebiete des Rheines Sorge zu tragen und ein lebhafteres Interesse &hellip; <\/p>\n<p class=\"link-more\"><a href=\"https:\/\/www.av-rheinland.de\/\" class=\"more-link\"><span class=\"screen-reader-text\">\u201eWillkommen\u201c<\/span> weiterlesen<\/a><\/p>\n","protected":false},"author":1,"featured_media":0,"parent":0,"menu_order":0,"comment_status":"closed","ping_status":"closed","template":"","meta":{"jetpack_post_was_ever_published":false},"jetpack_sharing_enabled":true,"jetpack_shortlink":"https:\/\/wp.me\/P99Kwc-2","jetpack_likes_enabled":true,"jetpack-related-posts":[{"id":11,"url":"https:\/\/www.av-rheinland.de\/index.php\/der-verein\/","url_meta":{"origin":2,"position":0},"title":"Der Verein","author":"altertumsverein","date":"August 6, 2016","format":false,"excerpt":"Die Aufgaben des Vereins Der Verein von Altertumsfreunden im Rheinlande gibt zusammen mit dem LVR-LandesMuseum Bonn und dem LVR-Amt f\u00fcr Bodendenkmalpflege im Rheinland die Bonner Jahrb\u00fccher heraus. unterst\u00fctzt die Arbeit des LVR-LandesMuseums Bonn durch finanzielle Zusch\u00fcsse f\u00fcr Neuerwerbungen, f\u00fcr die gemeinsame Bibliothek von Museum und Verein, f\u00fcr Ver\u00f6ffentlichungen und f\u00fcr\u2026","rel":"","context":"\u00c4hnlicher Beitrag","block_context":{"text":"\u00c4hnlicher Beitrag","link":""},"img":{"alt_text":"","src":"https:\/\/i0.wp.com\/www.av-rheinland.de\/wp-content\/uploads\/2016\/08\/A_139_0-11.jpg?resize=350%2C200","width":350,"height":200},"classes":[]},{"id":28,"url":"https:\/\/www.av-rheinland.de\/index.php\/mitglied-werden\/","url_meta":{"origin":2,"position":1},"title":"Mitglied werden","author":"altertumsverein","date":"August 6, 2016","format":false,"excerpt":"Was bietet der Verein seinen Mitgliedern? Freien Eintritt ins LVR-LandesMuseum Bonn Preisnachlass bei Sonderausstellungen\/Ausstellungser\u00f6ffnungen ein Exemplar der Bonner Jahrb\u00fccher als Jahresgabe \"Berichte aus Bonn\" zweimal j\u00e4hrlich F\u00fchrungen und Vortr\u00e4ge Exkursionen zu Ausstellungen und arch\u00e4ologischen St\u00e4tten Informationen zum laufendem Programm des Vereins und des LVR-LandesMuseums Bonn. Mitglied werden Wenn Sie Mitglied\u2026","rel":"","context":"\u00c4hnlicher Beitrag","block_context":{"text":"\u00c4hnlicher Beitrag","link":""},"img":{"alt_text":"","src":"","width":0,"height":0},"classes":[]},{"id":44,"url":"https:\/\/www.av-rheinland.de\/index.php\/aktuelles\/","url_meta":{"origin":2,"position":2},"title":"Aktuelles","author":"altertumsverein","date":"August 6, 2016","format":false,"excerpt":"F\u00fchrungen, Vortr\u00e4ge, Exkursionen und Neuigkeiten des Vereins der Altertumsfreunde im Rheinlande e.V. \u00a0","rel":"","context":"\u00c4hnlicher Beitrag","block_context":{"text":"\u00c4hnlicher Beitrag","link":""},"img":{"alt_text":"","src":"","width":0,"height":0},"classes":[]},{"id":21,"url":"https:\/\/www.av-rheinland.de\/index.php\/der-verein\/satzung\/","url_meta":{"origin":2,"position":3},"title":"Satzung","author":"altertumsverein","date":"August 6, 2016","format":false,"excerpt":"Die Satzung des Vereins von Altertumsfreunden im Rheinlande kann hier heruntergeladen werden: Satzung AV als PDF zum Download","rel":"","context":"\u00c4hnlicher Beitrag","block_context":{"text":"\u00c4hnlicher Beitrag","link":""},"img":{"alt_text":"","src":"","width":0,"height":0},"classes":[]},{"id":9,"url":"https:\/\/www.av-rheinland.de\/index.php\/kontakt\/","url_meta":{"origin":2,"position":4},"title":"Kontakt","author":"altertumsverein","date":"August 6, 2016","format":false,"excerpt":"Mitgliederbetreuung \u00a0 Irene B\u00f6ttcher Mitgliederbetreuung des Vereins von Altertumsfreunden im Rheinlande e.V. Email: IreneBoettcher@freenet.de Tel.: 01515-9880118 \u00a0","rel":"","context":"\u00c4hnlicher Beitrag","block_context":{"text":"\u00c4hnlicher Beitrag","link":""},"img":{"alt_text":"","src":"","width":0,"height":0},"classes":[]},{"id":37,"url":"https:\/\/www.av-rheinland.de\/index.php\/impressum\/","url_meta":{"origin":2,"position":5},"title":"Impressum","author":"altertumsverein","date":"August 6, 2016","format":false,"excerpt":"Verein von Altertumsfreunden im Rheinlande Bachstr. 5-9 53115 Bonn Vorstandsvorsitzender: Prof. Dr. Frank Rumscheid Abteilung Klassische Arch\u00e4ologie am Institut f\u00fcr Arch\u00e4ologie und Kulturanthropologie der Universit\u00e4t Bonn Am Hofgarten 21 53113 Bonn \u00a0 Mitgliederbetreuung Irene B\u00f6ttcher Email: IreneBoettcher@freenet.de Tel.: 01515 9880118 Internet: http:\/\/www.av-rheinland.de Haftungshinweis: Trotz sorgf\u00e4ltiger inhaltlicher Kontrolle \u00fcbernehmen wir keine\u2026","rel":"","context":"\u00c4hnlicher Beitrag","block_context":{"text":"\u00c4hnlicher Beitrag","link":""},"img":{"alt_text":"","src":"","width":0,"height":0},"classes":[]}],"_links":{"self":[{"href":"https:\/\/www.av-rheinland.de\/index.php\/wp-json\/wp\/v2\/pages\/2"}],"collection":[{"href":"https:\/\/www.av-rheinland.de\/index.php\/wp-json\/wp\/v2\/pages"}],"about":[{"href":"https:\/\/www.av-rheinland.de\/index.php\/wp-json\/wp\/v2\/types\/page"}],"author":[{"embeddable":true,"href":"https:\/\/www.av-rheinland.de\/index.php\/wp-json\/wp\/v2\/users\/1"}],"replies":[{"embeddable":true,"href":"https:\/\/www.av-rheinland.de\/index.php\/wp-json\/wp\/v2\/comments?post=2"}],"version-history":[{"count":4,"href":"https:\/\/www.av-rheinland.de\/index.php\/wp-json\/wp\/v2\/pages\/2\/revisions"}],"predecessor-version":[{"id":330,"href":"https:\/\/www.av-rheinland.de\/index.php\/wp-json\/wp\/v2\/pages\/2\/revisions\/330"}],"wp:attachment":[{"href":"https:\/\/www.av-rheinland.de\/index.php\/wp-json\/wp\/v2\/media?parent=2"}],"curies":[{"name":"wp","href":"https:\/\/api.w.org\/{rel}","templated":true}]}}